{"id":35246,"date":"2025-01-14T19:15:10","date_gmt":"2025-01-14T18:15:10","guid":{"rendered":"https:\/\/www.lapausechampenoise.com\/?post_type=mphb_room_type&#038;p=35246"},"modified":"2025-01-24T14:32:30","modified_gmt":"2025-01-24T13:32:30","slug":"montagne-de-reims","status":"publish","type":"mphb_room_type","link":"https:\/\/www.lapausechampenoise.com\/?mphb_room_type=montagne-de-reims","title":{"rendered":"Montagne de Reims"},"content":{"rendered":"<p class=\"jetpack-slideshow-noscript robots-nocontent\">Ce diaporama n\u00e9cessite JavaScript.<\/p><div id=\"gallery-35246-1-slideshow\" class=\"jetpack-slideshow-window jetpack-slideshow jetpack-slideshow-black\" data-trans=\"fade\" data-autostart=\"1\" data-gallery=\"[{&quot;src&quot;:&quot;https:\\\/\\\/www.lapausechampenoise.com\\\/wp-content\\\/uploads\\\/2025\\\/01\\\/GERM0969-1-scaled.jpg&quot;,&quot;id&quot;:&quot;35255&quot;,&quot;title&quot;:&quot;GERM0969&quot;,&quot;alt&quot;:&quot;&quot;,&quot;caption&quot;:&quot;Salle de bain&quot;,&quot;itemprop&quot;:&quot;image&quot;},{&quot;src&quot;:&quot;https:\\\/\\\/www.lapausechampenoise.com\\\/wp-content\\\/uploads\\\/2025\\\/01\\\/GERM0979-1-scaled.jpg&quot;,&quot;id&quot;:&quot;35259&quot;,&quot;title&quot;:&quot;GERM0979&quot;,&quot;alt&quot;:&quot;&quot;,&quot;caption&quot;:&quot;Cadre v\\u00e9g\\u00e9tal&quot;,&quot;itemprop&quot;:&quot;image&quot;},{&quot;src&quot;:&quot;https:\\\/\\\/www.lapausechampenoise.com\\\/wp-content\\\/uploads\\\/2025\\\/01\\\/GERM0974-1-scaled.jpg&quot;,&quot;id&quot;:&quot;35257&quot;,&quot;title&quot;:&quot;GERM0974&quot;,&quot;alt&quot;:&quot;&quot;,&quot;caption&quot;:&quot;Lit&quot;,&quot;itemprop&quot;:&quot;image&quot;},{&quot;src&quot;:&quot;https:\\\/\\\/www.lapausechampenoise.com\\\/wp-content\\\/uploads\\\/2025\\\/01\\\/GERM0962-1-scaled.jpg&quot;,&quot;id&quot;:&quot;35251&quot;,&quot;title&quot;:&quot;GERM0962&quot;,&quot;alt&quot;:&quot;&quot;,&quot;caption&quot;:&quot;Espace salon&quot;,&quot;itemprop&quot;:&quot;image&quot;},{&quot;src&quot;:&quot;https:\\\/\\\/www.lapausechampenoise.com\\\/wp-content\\\/uploads\\\/2025\\\/01\\\/GERM0965-1-scaled.jpg&quot;,&quot;id&quot;:&quot;35253&quot;,&quot;title&quot;:&quot;GERM0965&quot;,&quot;alt&quot;:&quot;&quot;,&quot;caption&quot;:&quot;Chambre&quot;,&quot;itemprop&quot;:&quot;image&quot;},{&quot;src&quot;:&quot;https:\\\/\\\/www.lapausechampenoise.com\\\/wp-content\\\/uploads\\\/2025\\\/01\\\/GERM0984-scaled.jpg&quot;,&quot;id&quot;:&quot;35243&quot;,&quot;title&quot;:&quot;GERM0984&quot;,&quot;alt&quot;:&quot;&quot;,&quot;caption&quot;:&quot;Cadre v\\u00e9g\\u00e9tal&quot;,&quot;itemprop&quot;:&quot;image&quot;}]\" itemscope itemtype=\"https:\/\/schema.org\/ImageGallery\"><\/div>\n<p>En r\u00e9f\u00e9rence au parc naturel de la \u00ab Montagne de Reims \u00bb, cette chambre, \u00e0 l&rsquo;\u00e9tage, vous accueillera dans un univers de v\u00e9g\u00e9tal et de bois brut\u2026<br \/>\nElle est \u00e9quip\u00e9e d\u2019un lit king-size et d&rsquo;un espace salon avec une t\u00e9l\u00e9vision.<br \/>\nLa salle de bain de cette chambre est compos\u00e9e d\u2019une douche, d\u2019un lavabo et d\u2019un WC.<\/p>\n","protected":false},"excerpt":{"rendered":"<p>En r\u00e9f\u00e9rence au parc naturel de la \u00ab Montagne de Reims \u00bb, cette chambre, \u00e0 &#8230; <\/p>\n<div class=\"text-center\"><a class=\"more-link\" href=\"https:\/\/www.lapausechampenoise.com\/?mphb_room_type=montagne-de-reims\">Read More<\/a><\/div>\n","protected":false},"featured_media":35253,"menu_order":0,"comment_status":"closed","ping_status":"closed","template":"","mphb_room_type_category":[50],"mphb_room_type_tag":[],"mphb_room_type_facility":[39,43,41,114],"class_list":["post-35246","mphb_room_type","type-mphb_room_type","status-publish","has-post-thumbnail","hentry","mphb_room_type_category-chambre-double","mphb_room_type_facility-bureau","mphb_room_type_facility-salle-de-bain-avec-douche","mphb_room_type_facility-seche-cheveux","mphb_room_type_facility-tv","mphb-room-type-adults-2","mphb-room-type-children-1","has-taxes-and-fees"],"jetpack_sharing_enabled":true,"_links":{"self":[{"href":"https:\/\/www.lapausechampenoise.com\/index.php?rest_route=\/wp\/v2\/mphb_room_type\/35246","targetHints":{"allow":["GET"]}}],"collection":[{"href":"https:\/\/www.lapausechampenoise.com\/index.php?rest_route=\/wp\/v2\/mphb_room_type"}],"about":[{"href":"https:\/\/www.lapausechampenoise.com\/index.php?rest_route=\/wp\/v2\/types\/mphb_room_type"}],"replies":[{"embeddable":true,"href":"https:\/\/www.lapausechampenoise.com\/index.php?rest_route=%2Fwp%2Fv2%2Fcomments&post=35246"}],"version-history":[{"count":3,"href":"https:\/\/www.lapausechampenoise.com\/index.php?rest_route=\/wp\/v2\/mphb_room_type\/35246\/revisions"}],"predecessor-version":[{"id":35261,"href":"https:\/\/www.lapausechampenoise.com\/index.php?rest_route=\/wp\/v2\/mphb_room_type\/35246\/revisions\/35261"}],"wp:featuredmedia":[{"embeddable":true,"href":"https:\/\/www.lapausechampenoise.com\/index.php?rest_route=\/wp\/v2\/media\/35253"}],"wp:attachment":[{"href":"https:\/\/www.lapausechampenoise.com\/index.php?rest_route=%2Fwp%2Fv2%2Fmedia&parent=35246"}],"wp:term":[{"taxonomy":"mphb_room_type_category","embeddable":true,"href":"https:\/\/www.lapausechampenoise.com\/index.php?rest_route=%2Fwp%2Fv2%2Fmphb_room_type_category&post=35246"},{"taxonomy":"mphb_room_type_tag","embeddable":true,"href":"https:\/\/www.lapausechampenoise.com\/index.php?rest_route=%2Fwp%2Fv2%2Fmphb_room_type_tag&post=35246"},{"taxonomy":"mphb_room_type_facility","embeddable":true,"href":"https:\/\/www.lapausechampenoise.com\/index.php?rest_route=%2Fwp%2Fv2%2Fmphb_room_type_facility&post=35246"}],"curies":[{"name":"wp","href":"https:\/\/api.w.org\/{rel}","templated":true}]}}

<p class="jetpack-slideshow-noscript robots-nocontent">Ce diaporama nécessite JavaScript.</p><div id="gallery-35246-1-slideshow" class="jetpack-slideshow-window jetpack-slideshow jetpack-slideshow-black" data-trans="fade" data-autostart="1" data-gallery="[{&quot;src&quot;:&quot;https:\/\/www.lapausechampenoise.com\/wp-content\/uploads\/2025\/01\/GERM0969-1-scaled.jpg&quot;,&quot;id&quot;:&quot;35255&quot;,&quot;title&quot;:&quot;GERM0969&quot;,&quot;alt&quot;:&quot;&quot;,&quot;caption&quot;:&quot;Salle de bain&quot;,&quot;itemprop&quot;:&quot;image&quot;},{&quot;src&quot;:&quot;https:\/\/www.lapausechampenoise.com\/wp-content\/uploads\/2025\/01\/GERM0979-1-scaled.jpg&quot;,&quot;id&quot;:&quot;35259&quot;,&quot;title&quot;:&quot;GERM0979&quot;,&quot;alt&quot;:&quot;&quot;,&quot;caption&quot;:&quot;Cadre v\u00e9g\u00e9tal&quot;,&quot;itemprop&quot;:&quot;image&quot;},{&quot;src&quot;:&quot;https:\/\/www.lapausechampenoise.com\/wp-content\/uploads\/2025\/01\/GERM0974-1-scaled.jpg&quot;,&quot;id&quot;:&quot;35257&quot;,&quot;title&quot;:&quot;GERM0974&quot;,&quot;alt&quot;:&quot;&quot;,&quot;caption&quot;:&quot;Lit&quot;,&quot;itemprop&quot;:&quot;image&quot;},{&quot;src&quot;:&quot;https:\/\/www.lapausechampenoise.com\/wp-content\/uploads\/2025\/01\/GERM0962-1-scaled.jpg&quot;,&quot;id&quot;:&quot;35251&quot;,&quot;title&quot;:&quot;GERM0962&quot;,&quot;alt&quot;:&quot;&quot;,&quot;caption&quot;:&quot;Espace salon&quot;,&quot;itemprop&quot;:&quot;image&quot;},{&quot;src&quot;:&quot;https:\/\/www.lapausechampenoise.com\/wp-content\/uploads\/2025\/01\/GERM0965-1-scaled.jpg&quot;,&quot;id&quot;:&quot;35253&quot;,&quot;title&quot;:&quot;GERM0965&quot;,&quot;alt&quot;:&quot;&quot;,&quot;caption&quot;:&quot;Chambre&quot;,&quot;itemprop&quot;:&quot;image&quot;},{&quot;src&quot;:&quot;https:\/\/www.lapausechampenoise.com\/wp-content\/uploads\/2025\/01\/GERM0984-scaled.jpg&quot;,&quot;id&quot;:&quot;35243&quot;,&quot;title&quot;:&quot;GERM0984&quot;,&quot;alt&quot;:&quot;&quot;,&quot;caption&quot;:&quot;Cadre v\u00e9g\u00e9tal&quot;,&quot;itemprop&quot;:&quot;image&quot;}]" itemscope itemtype="https://schema.org/ImageGallery"></div>
<p>En référence au parc naturel de la « Montagne de Reims », cette chambre, à l&rsquo;étage, vous accueillera dans un univers de végétal et de bois brut…<br />
Elle est équipée d’un lit king-size et d&rsquo;un espace salon avec une télévision.<br />
La salle de bain de cette chambre est composée d’une douche, d’un lavabo et d’un WC.</p>

<p>En référence au parc naturel de la « Montagne de Reims », cette chambre, à &#8230; </p>
<div class="text-center"><a class="more-link" href="https://www.lapausechampenoise.com/?mphb_room_type=montagne-de-reims">Read More</a></div>
